6 - ((-1)/(-2))/(g/114).
17
Suppose -257 = -o - 4*l, -7*o = -8*o - 2*l + 253. Let g = 266 - o. Let z = -52 - -99. What is the remainder when z is divided by g?
13
Let l(g) = 5*g - 84. Let o be l(-7). What is the remainder when 354 is divided by 4 + 6/((-42)/o)?
18
Let y(w) = -3*w - 23. Let z(q) = 6*q + 46. Let u(k) = 5*y(k) + 3*z(k). Let s be u(13). Calculate the remainder when 24 is divided by (-2)/(-4) - s/(-4).
8
What is the remainder when 117 is divided by (2640/385)/((-12)/28 - (-22)/42)?
45
Let d = 11 - 8. Let u be ((-6)/4)/(d + 441/(-140)). Suppose -o + 22 = u. Calculate the remainder when o is divided by 7.
5
What is the remainder when 187 is divided by 2 - (-1 + -3 + 2)*18/12?
2
Let o = 43 - 32. Suppose -o*d = 2*d - 2080. Calculate the remainder when d is divided by 34.
24
Let p(z) = -10*z**2 + 12*z + 47. Let v(t) = 2*t**2 + t. Let w(u) = -p(u) - 4*v(u). Calculate the remainder when w(-9) is divided by 29.
27
Suppose -15*r - 3*g - 48 = -12*r, -r - 3*g - 18 = 0. Let i(j) = -2*j**2 - 35*j - 21. What is the remainder when i(r) is divided by 14?
12
Let a(x) = 109*x + 1713. Calculate the remainder when a(-5) is divided by 195.
193
Let d(j) = j**3 - 3*j**2 + 2*j + 10. Suppose 0 = q - 7*q - 186. Let m = 34 + q. What is the remainder when 77 is divided by d(m)?
13
Suppose -4*b + 2*g + 1180 = 0, -4 + 292 = b - 4*g. What is the remainder when b is divided by 41?
9
What is the remainder when 514 is divided by -39*(126/(-27))/14?
7
Let p(z) = -z**3 + 4*z**2 - z. Suppose -4322 = 8*h - 14658. Suppose 38*f - h = 4*f. Calculate the remainder when f is divided by p(3).
2
Let w = 1 - 1. Suppose w = m + 42 + 23. Let y = m - -75. What is the remainder when y is divided by 1?
0
Let v(x) = 8*x + 34. Let g be v(-4). Suppose 0 = 4*z - 5*p - 112, -5*z + g*p + 0*p = -140. What is the remainder when 111 is divided by z?
27
Let y(v) = -v**3 - 10*v**2 - 19*v + 65. Calculate the remainder when 926 is divided by y(-9).
151
Calculate the remainder when 6572 is divided by (-10)/((-10)/5) - (-4)/(24/42).
8
Let m = 516 + -856. Let j = -328 - m. Calculate the remainder when 334 is divided by j.
10
Suppose 147*w + 2189 - 3987 - 5258 = 0. Let r(l) be the second derivative of l**4/6 - l**3/2 - l**2 - 2*l. Calculate the remainder when w is divided by r(3).
6
Suppose -4 = 4*d - p, -4*d + 2*d + 4*p = 2. Let v(q) = q**3 + 6*q**2 - 33*q. Calculate the remainder when d/(212/(-210) - -1) is divided by v(-9).
51
Suppose 0 = 5*k + 98 + 17. Let x = k + 99. Calculate the remainder when x is divided by 29.
18
Suppose -1262 - 38 = -13*q. Let c = -171 + 255. Suppose c = -z + q. Calculate the remainder when 79 is divided by z.
15
Suppose -4*j = 3*z - 145, 125 = -62*z + 64*z - 3*j. Let y(l) = 28*l**3 + 2*l**2 - l. Calculate the remainder when z is divided by y(1).
26
What is the remainder when 1351 is divided by (-678)/(-3) + (-4 - 0 - 1 - -5)?
221
Suppose -2*l + 15 = -3*n, -18 = 19*l - 22*l + 3*n. Suppose 4*q = -4*g + 340, l*q + 249 = 3*g + 4*q. Calculate the remainder when g is divided by 13.
4
Let g(j) = 23*j**2 - 7*j + 24. Let s be g(3). Let u = s + -165. Calculate the remainder when u is divided by 17.
11
Let n = 184 - 106. Let a = n + 33. Let o = -588 + 617. What is the remainder when a is divided by o?
24
Let i = -26414 - -27528. What is the remainder when i is divided by 62?
60
Let l = -517 + 528. Suppose -228 - 234 = -l*m. What is the remainder when 119 is divided by m?
35
Let m(j) = j**2 - 2*j - 4. Let y be (-180)/(-42) + -4 + (-78)/(-21). Calculate the remainder when (5/y)/((-14 + 9)/(-340)) is divided by m(-3).
8
Let l = -91 - -192. Suppose -25 = o - l. Suppose 101 = 5*t + 4*d, 111*t + d + 30 = 114*t. Calculate the remainder when o is divided by t.
11
Suppose 160*u - 8496 = -17*u. What is the remainder when 10270 is divided by u?
46
Let v(p) = 82*p**2 - 10*p + 8. Calculate the remainder when v(1) is divided by ((-1)/2)/((-2)/88).
14
Suppose -4*z - 8*t + 45 = -3*t, -5*t + 30 = z. Suppose 0 = 3*q - 15, z*q = 3*c + 4*q - 229. Calculate the remainder when c is divided by 20.
18
Suppose -4*g + 990 = -2*d, 0 = g - 5*d - 150 - 75. Let i = g - 222. Calculate the remainder when i is divided by 14.
0
Let c(r) = -2*r**2 + 67*r - 241. What is the remainder when c(24) is divided by 52?
7
Let r = 21 - 15. Let h be (-1)/4 + 1605/20 + 2. Suppose -2 = 2*n - h. Calculate the remainder when n is divided by r.
4
Let k be 22 + -2*6/4. Suppose -k + 29 = 5*s. Let j(d) = d**3 - 3*d**2 + 4*d. What is the remainder when 10 is divided by j(s)?
2
Let n = -4960 + 5618. What is the remainder when n is divided by 226?
206
Suppose -4*l - 2355 = 4*v - 14447, -5*v + l = -15091. Calculate the remainder when v is divided by 19.
17
Let x(t) = 3*t**3 + 291*t**2 + 286*t + 163. Calculate the remainder when 428 is divided by x(-96).
73
Suppose 125 + 483 = 4*s. Calculate the remainder when s is divided by 6 - 10 - 24 - -50.
20
Let q = -90 + 119. Suppose 336 = -22*n + q*n. What is the remainder when 335 is divided by n?
47
Let d(z) = -80*z + 1252. What is the remainder when d(-130) is divided by 271?
270
Let c = -87 + 124. Suppose q - d - 16 - 24 = 0, 2*d - c = -q. What is the remainder when 155 is divided by q?
38
Let d = 4918 + -4905. What is the remainder when 2402 is divided by d?
10
Suppose 0 = 3*h - 7*y - 11507, 5*y = 22*h - 18*h - 15321. Calculate the remainder when h is divided by 153.
152
Let k(h) = -2*h**2 - 45*h - 39. Let w = -229 + 208. Calculate the remainder when k(w) is divided by 9.
6
What is the remainder when 16 is divided by (-31)/(-11) + 136/748?
1
What is the remainder when 1063 + 23 + -4 + 6 is divided by 28?
24
Suppose -1079 = -169*k + 156*k. Calculate the remainder when 497 is divided by k.
82
Let i = 9583 - 9563. What is the remainder when -1*(-2 - (-114)/(-2)) is divided by i?
19
Let k = -23 + 32. Let z = 2452 + -2129. Calculate the remainder when z is divided by k.
8
Let x = 148 + -121. Calculate the remainder when 324 is divided by x.
0
Let h(u) = 25*u - 42. Let m be h(4). Let l = 60 - m. Suppose -56 = -l*a + 90. Calculate the remainder when a is divided by 22.
7
Let p(h) = -108 - 35*h + 55*h + 300. What is the remainder when p(-8) is divided by 24?
8
What is the remainder when (-6)/(-4)*(-6 - (-21952)/84) is divided by 99?
86
Let m = 2396 + -2142. Calculate the remainder when m is divided by 35.
9
Suppose -1 = 5*t - 4*p, -5*t + p + 13 - 2 = 0. Suppose -t*m = 4*k - 5*m - 124, -3*k + 2*m = -93. What is the remainder when 57 is divided by k?
26
Calculate the remainder when 4744*(-4)/(-8) - 2 is divided by 33.
27
Let z(q) = 84*q + 12909. Calculate the remainder when z(-109) is divided by 937.
5
Let b(n) = -2*n**3 - 36*n**2 + 125*n + 4379. What is the remainder when b(-35) is divided by 328?
326
Suppose 0 = 5*k - 15, -6*i - 4*k = -3*i - 396. Let f(a) = -170*a - 1334. What is the remainder when i is divided by f(-8)?
24
Let f(d) = -4*d**2 - 32*d + 15. Let l be f(-8). Suppose l = -65*i + 66*i. What is the remainder when 74 is divided by i?
14
Let n be ((-50)/(-3))/(9/27). Let v be n/6 + 7/(-21). Suppose v*c = 13*c - 275. Calculate the remainder when c is divided by 20.
15
Let w(y) = -4*y + 8. Let l(a) = 1. Let r(q) = 18*l(q) - 2*w(q). Let g be r(-1). Calculate the remainder when 30 is divided by (-2)/g + 47/3.
14
Suppose -4*t + 20 - 212 = 0. Let p = t - -42. Calculate the remainder when ((-12)/(-36))/((-1)/p) - -12 is divided by 6.
2
Calculate the remainder when -2*(-586)/(-2)*(-28 + 27) is divided by 87.
64
Let i(t) = 13*t - 1085. What is the remainder when 711 is divided by i(85)?
11
Suppose 3*f = -4*h - 2303, -5*f + 846 = -5*h - 2024. Let d = h + 602. Let k(n) = -n - 2. What is the remainder when d is divided by k(-7)?
2
Calculate the remainder when 76 is divided by (8/(112/7))/(2/264).
10
Let j = -178 - -587. Suppose -200*o + 58938 = 45138. Calculate the remainder when j is divided by o.
64
Let v = 481 + -448. Let a = 33 + -29. Suppose -a*q = 3*h - 497, 3*h = -0*q + q + 487. What is the remainder when h is divided by v?
31
Let j = -1342 + 1530. Calculate the remainder when j is divided by 24.
20
Let x(f) = 4*f**2 + 13*f + 183. Calculate the remainder when 573 is divided by x(0).
24
Suppose -44*x + 1080 = -4*x. Suppose 0 = -3*k + 2*c + 15, c = 5*k - 4 - 14. Calculate the remainder when x i